 Calculate the remainder when w(16) is divided by 33.
30
Let f(b) = -6*b - 6. Let l be (-8)/4 + 4 + 1. Suppose 2*t = l*t + 5. What is the remainder when f(t) is divided by 13?
11
Suppose z - 3*z = 6. Let o(f) = f**3 + 7*f**2 - 2*f + 1. What is the remainder when o(-5) is divided by (-57)/z - (-1 - 1)?
19
Suppose 5*s - 52 = p, 5*s - 4*s - 8 = p. What is the remainder when 43 is divided by s?
10
Suppose -5*q + 78 = -52. Suppose 28 = 12*i - 10*i. What is the remainder when q is divided by i?
12
Let t(u) = u**3 + 5*u**2 - 8*u + 1. Let n be (-2)/(-4)*(-36)/3. Calculate the remainder when t(n) is divided by 5.
3
Let x(k) = -5*k**3 + 2*k**2 + 2*k + 1. Suppose -4 = -4*m + 12, 5*p - 3*m = 63. What is the remainder when p is divided by x(-1)?
3
Let w be (-2 + (-9)/(-6))*-6. Suppose w*d = 15, -4*d - 8 + 32 = -4*f. What is the remainder when (-153)/(0 + -3) + f is divided by 13?
11
Suppose 0 = -l + 5*f + 16, 5*l = -6*f + 4*f + 80. Calculate the remainder when 63 is divided by l.
15
Let t = 188 + -65. Suppose -v = 2*v - t. What is the remainder when v is divided by 14?
13
Suppose -y + 4*y + 60 = 0. Let z = y + 34. Suppose -4*m = 5*x - 245, 4*m - 28 = 3*x + 177. Calculate the remainder when m is divided by z.
13
Suppose -4*f = -210 - 94. Calculate the remainder when f is divided by 26.
24
Suppose -4*x + 8 + 8 = 0. Let i(f) = 2*f**3 - 4*f**2 - 5*f + 6. Calculate the remainder when i(x) is divided by 13.
11
Let i = 27 - 20. Suppose -4*z = -7*z + 9. Calculate the remainder when i is divided by z.
1
Let j be -1 + 5 + (-3 - 0). Let h = 1 - 3. What is the remainder when ((-25)/1 - j)/h is divided by 5?
3
Suppose -a - 319 = -3*l + a, -4*a = -2*l + 226. Let d = l - 48. Calculate the remainder when d is divided by (-97)/(-5) + (-8)/20.
17
Let o(z) = z**2 - 17*z + 36. Calculate the remainder when o(18) is divided by 28.
26
Suppose 2*h + h + g - 9 = 0, -4 = 2*h + 4*g. Suppose 8 = -2*p, 2*p - h = -3*j - 3. What is the remainder when 11 is divided by j?
2
Let p = 9 + 9. What is the remainder when 35 is divided by p?
17
Suppose 0 = -3*s + k + 11, s + 15 = -k + 6*k. Let f(z) = z**3 - 5*z**2 + 4*z + 6. What is the remainder when 76 is divided by f(s)?
24
Suppose -2*x = -2 - 2. Let d(w) = w + 1. Suppose -f + 8 = 3*f + 4*r, 0 = -2*f - 5*r - 11. Calculate the remainder when f is divided by d(x).
1
Let o be (-1213)/15 - 34/255. Let j = o + 150. Calculate the remainder when j is divided by 18.
15
Let w(o) = 2*o**2 - 2*o - 2. What is the remainder when (1140/45)/((-2)/(-3)) is divided by w(3)?
8
Suppose 0 = i - 4*i - 3. Let g be ((-24)/(-18))/(i/3). Let d = 6 + g. What is the remainder when 2 is divided by d?
0
Suppose -2*w + 28 = -0. Calculate the remainder when w is divided by 6.
2
Let k = -24 + 74. Calculate the remainder when k is divided by ((-68)/6)/(-1*(-10)/(-15)).
16
Suppose 9*k = 6*k + 297. What is the remainder when k is divided by 17?
14
Let w(a) = -a**2 + 6*a - 8. Let y be w(4). Suppose -4*l + 36 = -y*l - 2*f, 42 = 5*l - 4*f. Let q = 133 + -94. Calculate the remainder when q is divided by l.
9
Suppose -4*m + 32 = 4*c, -6*m + 4*c = -2*m + 8. What is the remainder when m is divided by 2?
1
Suppose -6*w + 8 + 46 = 0. Suppose -1 + w = j. Calculate the remainder when 15 is divided by j.
7
Suppose 22 = h - 0*h + 5*u, 6 = -3*h + 3*u. Calculate the remainder when 5 is divided by h.
1
Suppose -2*a + 175 = 3*a. Suppose -2*w + 4 = 4*t - 4, -4*w + 10 = 5*t. Suppose t*u + 72 = 6*u. Calculate the remainder when a is divided by u.
17
Let k(v) = 3*v**2 - 20*v - 7. What is the remainder when 46 is divided by k(8)?
21
Suppose -15*y + 12*y = -81. Calculate the remainder when y is divided by (-4)/(-4) + 13 + 0.
13
Let l = 4 + 1. Let y = -1 + 3. Calculate the remainder when l is divided by y.
1
Let q(a) = 1 + 5 - 1 - 3*a. Calculate the remainder when 77 is divided by q(-5).
17
Let t = -11 + 42. What is the remainder when t is divided by (-130)/(-8) - 16/64?
15
Let u = -6 + 12. Let t(g) = -g**2 + 7*g - 6. Let v = 18 + -13. What is the remainder when u is divided by t(v)?
2
Let f(h) = h + 48. Let m be f(0). Let t = -80 + m. Let p = t - -58. What is the remainder when p is divided by 9?
8
Let z = -25 + 32. What is the remainder when 25 is divided by z?
4
Let x = 31 - 9. Let p = 1 - 1. Suppose p = -4*b + 218 - 46. Calculate the remainder when b is divided by x.
21
Let i(s) = -7*s. Let h be i(-1). Suppose -h*k = -3*k - 12. Calculate the remainder when (7*k - -2)*1 is divided by 8.
7
Let y be 10/(-45) + 2/9. Suppose -l + 5*n + 39 + 12 = y, 248 = 4*l + 2*n. What is the remainder when l is divided by 1 + -1 - (-22 - -1)?
19
Let j(l) = 3*l**2 + 7*l - 2. Suppose -2*a - 3*q - 9 = 0, 4*a - 2*q + 20 = -6. Calculate the remainder when j(a) is divided by 33.
31
Suppose 2*r + 3*r + 2*s - 111 = 0, 5*s = 5*r - 90. What is the remainder when r is divided by 6?
3
Let d(g) = -g**2 - 10*g + 5. Let x(l) = l**3 - 18*l**2 + 18*l - 9. What is the remainder when d(-5) is divided by x(17)?
6
Let v be (-8)/(-6)*6/4. Suppose 3*p - 30 = -v*p. Calculate the remainder when 21 is divided by p.
3
Suppose -1 - 5 = -s. Suppose -4*q - 1 = -9. Suppose q*v = -b, 3*v + 18 = 5*b - 8. What is the remainder when s is divided by b?
2
Let b = 83 - 67. What is the remainder when 175 is divided by b?
15
Calculate the remainder when 16 is divided by -1*(18/(-12))/(2/8).
4
Let t be 1*(0 + 46 + -3). Suppose 0 = -2*u - q + 20 + t, 0 = -5*u - q + 159. What is the remainder when u is divided by 11?
10
Calculate the remainder when 82 is divided by ((-3)/4)/((-145)/140 + 1).
19
Let j be -1 - (-8 - (-2 + 1)). What is the remainder when (-2)/(-4) - (-231)/j is divided by 10?
9
Let m = -77 + 135. What is the remainder when m is divided by 21?
16
Suppose p + 10 = 2*b, 4*p - 1 = -17. Calculate the remainder when 4 is divided by b.
1
Suppose 3*h + 3*b - 98 - 10 = 0, 0 = -5*h - 3*b + 178. Suppose h = 4*j + x, 5*x + 2 = -3. Let q = j - -2. Calculate the remainder when 42 is divided by q.
9
Let a = -21 + 219. Calculate the remainder when a is divided by 40.
38
Let l be (-3)/(-9) + 10/6. Let t be 2 + (-4 - -4 - -1). Suppose -l*b + 3 = -t. Calculate the remainder when 3 is divided by b.
0
Let o(t) = 7*t - 1. Calculate the remainder when 23 is divided by o(1).
5
Let z = -8 - -13. Suppose -z*k + 30 = -2*y, 0 = -4*k - 2*y - 0*y + 24. What is the remainder when 16 is divided by k?
4
Calculate the remainder when 4/2*(-176)/(-32) is divided by 4.
3
Let g(u) = 2*u**3 - u**2 - u. Let m be g(-1). Calculate the remainder when m/(-3) + 79/3 is divided by 100/7 + (-2)/7.
13
Suppose -15 + 3 = -6*n. Suppose o - 5*o + 984 = 0. Suppose 0 = -c - n*c + o. What is the remainder when c is divided by 28?
26
Suppose 3*y - 53 = 34. Suppose -6*p + 452 = -2*p. What is the remainder when p is divided by y?
26
Let u = 12 + -3. Suppose 4*x = u*x - 130. Let v(a) = -a**2 + 7*a + 3. Calculate the remainder when x is divided by v(6).
8
Let h = 7 + -2. Suppose -2*p = -3*i + 2*p - h, 30 = i + 5*p. What is the remainder when i is divided by 2?
1
Suppose -6*h = -10*h + 52. Calculate the remainder when 32 is divided by h.
6
Let u(t) = t**3 - 7*t**2 + 6*t + 3. Let g = 8 + -2. Let v be u(g). Let q(y) = -y**2 + 6*y + 3. What is the remainder when 35 is divided by q(v)?
11
Suppose 0 = -5*m + 14 + 1. Let h(b) = -b - 3. What is the remainder when h(-11) is divided by m?
2
Suppose 0 = 5*o - 15 - 30. Let y = 57 - 52. Suppose 4*l = y*l - o. Calculate the remainder when l is divided by 4.
1
What is the remainder when 76 is divided by (-6 + -1)*(-6 - -3)?
13
Let u be (-18)/15*20/(-6). Suppose 8 = u*f - n - 22, -5*f + 4*n = -43. What is the remainder when 19 is divided by f?
5
Calculate the remainder when ((-15)/(-2))/((-12)/(-24)) is divided by 4.
3
Suppose -2*v + 7 = 3*f, -5*f = -v - f - 2. Suppose -q - v*q = -414. Suppose 165 = 5*a + t + 4*t, 2*t = 4*a - q. Calculate the remainder when a is divided by 18.
16
Let k be (-4)/7 + (-53)/(-7). Suppose -k*c = -4*c - 42. What is the remainder when 54 is divided by c?
12
Suppose 3*p - 57 = -3*s, 3 = 2*p + 4*s - 29. What is the remainder when 86 is divided by p?
20
Suppose -4*f + 213 = 65. What is the remainder when 70 is divided by f?
33
Suppose c + 3*a = 31, c + 0*a - a - 47 = 0. Calculate the remainder when c is divided by 11.
10
Let t = -26 + 91. S